What is the remainder when 7 is divided by (3 + -6)/(-2 + g)?
1
Let x(k) = k**3 - k + 1. Let m(q) = 2*q**3 + 5*q**2 + 2. Let o(g) = m(g) - 3*x(g). Calculate the remainder when 27 is divided by o(5).
13
Suppose -5*u + 296 = -u. What is the remainder when u is divided by 19?
17
Let x(l) = -l**3 + 4*l**2 + 2*l - 4. Let t be x(4). Suppose -k = -t*k + 6. Calculate the remainder when k is divided by 1.
0
Suppose 9*b - 2*b = 210. What is the remainder when 176 is divided by b?
26
Suppose 2*t - 35 = -b, -48 + 13 = -b + 2*t. Calculate the remainder when 104/((-4)/(-6 - -2)) + -1 is divided by b.
33
Suppose k = -3, 3*d + d = -k + 41. Calculate the remainder when 65 is divided by d.
10
Let s(n) = -n**2 + 8*n - 6. Let y be s(6). Let a = 18 - y. Calculate the remainder when 69 is divided by a.
9
What is the remainder when 175 is divided by (517/47)/(-1 + 10/8)?
43
Suppose 2*z - 12 = -2*i, 3*i - 20 - 14 = -5*z. Let a(w) = w**3 - 17*w**2 + 15*w + 19. What is the remainder when z is divided by a(16)?
2
Let x be (1/3)/(2/42). Suppose -x = -3*p + 23. Let w = -60 - -64. Calculate the remainder when p is divided by w.
2
Let b(p) = p**2 + 35. Suppose 0 + 5 = 3*j + 5*g, 4 = -4*j + 4*g. Calculate the remainder when b(j) is divided by 17 + (-2)/(-4)*2.
17
Suppose 5*l - 111 = 24. What is the remainder when l is divided by 11?
5
Suppose -5*k = -j + 34, 3*j - 4*j - 3*k = -58. Calculate the remainder when j is divided by 17.
15
Suppose 129 = 5*y + 3*c, -4*y = -0*y + 3*c - 102. Calculate the remainder when y is divided by 14.
13
Let q = 231 + -133. Suppose -2*o + 6*o = 100. What is the remainder when q is divided by o?
23
Suppose 234 = -14*g + 20*g. What is the remainder when 153 is divided by g?
36
Suppose 4*v + 14 = 82. What is the remainder when 62 is divided by v?
11
Let i(p) = -p**2 + p - 1. Let q be i(-2). Let a = 10 - q. What is the remainder when a is divided by 2 - 1/(2/(-14))?
8
Suppose -4*i = 11 - 31. Suppose 0 = -9*f + 8*f. Calculate the remainder when i is divided by 3 + -1*f/4.
2
Let z = -15 - -26. What is the remainder when z is divided by 5?
1
Let i(j) = -2*j - j**3 - j + 9*j**2 - 3*j - j. What is the remainder when 23 is divided by i(8)?
7
Suppose 3*s - 4*v - 14 = v, -4*s + v = -30. Let j = 18 - s. Suppose 0 = -4*w, 2*k - w - 20 = -3*k. What is the remainder when j is divided by k?
2
Let h = -1 + -15. Let r = h - -54. What is the remainder when r is divided by 10?
8
Suppose -2*r + 3 = -3. Suppose 20 = 2*a - 3*d, -5*a + 5 = r*d - 45. What is the remainder when 38 is divided by a?
8
Let p(u) = -4*u - 6. Let j = -11 + 6. Calculate the remainder when 25 is divided by p(j).
11
Let w = -30 + 38. Calculate the remainder when 11 is divided by w.
3
Let v(r) = -r**2 - 7*r + 1. Let h(s) = 39*s - 1. What is the remainder when h(1) is divided by v(-3)?
12
Let x(n) = -n**2 + 3*n - 6. Let o be x(4). Let r = o - -36. Suppose 0*m = 4*m - 2*a - 36, 2*m - 18 = 2*a. Calculate the remainder when r is divided by m.
8
Let g be 562/12 + 3/18. Let a = 0 + g. Calculate the remainder when a is divided by 10.
7
Let q be 7/((-14)/(-36)) + -4. Suppose -p + q = 2*s, -5*s = 13 - 38. What is the remainder when p is divided by 2?
0
Let h(t) = 10*t - 30. Suppose -5*z + j + 185 = -6, 12 = 3*j. What is the remainder when z is divided by h(5)?
19
Let y(m) = -9*m - 34. Calculate the remainder when y(-9) is divided by 10.
7
Let g = 71 + 82. Calculate the remainder when g is divided by 31.
29
Let t(x) = 12*x - 5. Let l be t(3). Let i = l - 19. Calculate the remainder when i is divided by 7.
5
What is the remainder when ((-95)/57)/(1/27*-1) is divided by 25?
20
Suppose -2*a - 10 = 0, g = -3*a - 15 + 46. What is the remainder when g is divided by (14 + 2)*(-6)/(-4)?
22
Let j(r) = 4*r**2 - 2*r - 2. Let q be j(-1). Suppose -q*v - 137 = -5*w, v - 99 = -5*w + 23. Calculate the remainder when 98 is divided by w.
23
Let a = 3 - -3. What is the remainder when 33 is divided by a/(-9) - (-106)/6?
16
What is the remainder when ((-56)/24)/(1/(-30)) is divided by 24?
22
Let x = 69 - 57. Calculate the remainder when 23 is divided by x.
11
Suppose -4*d - 4*o = -100, -3*o = -o - 8. Suppose 0 = -2*x + 2 + 2. What is the remainder when -1 - x*31*-1 is divided by d?
19
Let v = 39 + -26. Let c = 10 + -6. Calculate the remainder when (74/6)/(c/12) is divided by v.
11
Let h(n) = n**2 - 2*n - 1. Let o be h(-3). Let l = o - 8. Calculate the remainder when 20 is divided by l.
2
Suppose 4*x - 3*f = 3 + 5, 1 = x - f. Suppose 411 = x*k - u - 251, u = k - 130. What is the remainder when k is divided by 34?
31
Let a = -15 + 29. Calculate the remainder when 55 is divided by a.
13
Let s = 103 - 45. What is the remainder when s is divided by 12?
10
Let d be (1/1)/1*2. Let v(q) = 8*q**2 - q - 1. Let o = 399 + -389. Calculate the remainder when v(d) is divided by o.
9
Suppose 3*y + 5*z = 118, 71 + 89 = 4*y + 4*z. Let u = -22 + y. Calculate the remainder when 36 is divided by u.
17
Suppose 0 = -5*t + 22 - 7. Suppose t*l - 56 = 4*s, -3*l = 2*l + 5*s - 70. Let h = 1 - -8. Calculate the remainder when l is divided by h.
7
Let k = 0 + 2. Suppose -50 = l - k*l. Calculate the remainder when l is divided by 17.
16
Let g(i) = -i**3 + 4*i**2 + 4. Let f be g(4). Let p = 23 + -21. Suppose -2*x + h = -f*h - 47, -p*x = h - 17. Calculate the remainder when 31 is divided by x.
9
Let h(a) = a - 2. Calculate the remainder when 13 is divided by h(7).
3
Suppose -301 + 35 = -2*d. Suppose 2*i - 4*n - 54 = 0, 5*i - n = d - 7. Calculate the remainder when 74 is divided by i.
24
Suppose 0 = -4*h + 34 - 14. Suppose 145 = -5*a + 2*z - z, 0 = -3*a + h*z - 109. Let m = a + 47. Calculate the remainder when m is divided by 10.
9
Suppose 2*l + 40 = 280. Suppose 6 = 2*t + t. What is the remainder when t is divided by l/65 - (-4)/26?
0
Let d = -19 + 40. Calculate the remainder when 14/d - 112/(-3) is divided by 10.
8
What is the remainder when 89 is divided by (-14)/(-42) - 76/(-6)?
11
Let u = 3 + -3. Suppose 26 = 4*t - 2*a + 4*a, u = 2*t - 2*a - 16. What is the remainder when t is divided by -1 + 1 + 1 + 2?
1
Calculate the remainder when 34 is divided by (12/(-30))/(1/(-30)).
10
Let s(z) = z**3 - 6*z**2 - 8*z + 10. Let f be s(7). Let o(m) = 2*m + 1. What is the remainder when 13 is divided by o(f)?
6
Let m be (34/(-5))/((-1)/5). Suppose -5*c - 3*p + 42 = -0*c, -m = -4*c - 2*p. What is the remainder when 16 is divided by c?
7
Let q(p) = -p**2 + p + 50. Let w be q(0). Calculate the remainder when w + (-2 + 3)*-1 is divided by 17.
15
Suppose 3*u + 84 = 7*u + 2*t, 3*u - t - 58 = 0. What is the remainder when 78 is divided by u?
18
What is the remainder when (-1)/(1*(-4)/188) is divided by 10?
7
Suppose -17 = -5*d + 23. Suppose 4*q = 4*j - d, -3 = -5*j - 4*q + 7. Suppose -2*n + 14 = -j*k, 5*k - 8 = k. Calculate the remainder when 25 is divided by n.
7
Let c = -67 + 116. What is the remainder when 194 is divided by c?
47
Suppose i + 8 = 4*o + 41, 2*o - 96 = -4*i. Calculate the remainder when 43 is divided by i.
18
Calculate the remainder when 40 is divided by 1/((-10)/(-4)) - 1898/(-130).
10
Let c = -182 + 264. What is the remainder when c is divided by 17?
14
Suppose 2*n - 5 = -x - 3*n, -x + 25 = n. Calculate the remainder when 87 is divided by x.
27
Suppose 34 + 0 = 2*n. What is the remainder when 95/3 - (-4)/12 is divided by n?
15
Let v = -4 - 0. Suppose 4*u + 130 = -54. What is the remainder when u/3*6/v is divided by 12?
11
Let v = 8 - 17. Suppose 2*i - z = 9, 5*i - 3*z + 7 = 31. What is the remainder when 2/v - 260/(-36) is divided by i?
1
Let i be 3 - (-2 + 7 + -2). Suppose -5*m - 55 = -4*o + 95, 5*o + m - 173 = i. Calculate the remainder when o is divided by 9.
8
Let b(w) = 2*w**2 - w. Let i be b(-4). Calculate the remainder when 58 is divided by (-2)/(-8) + 531/i.
13
Let r(h) = -5*h**3 - h**2 + 2*h - 1. Let z be 3/1 - (52 - 5). Calculate the remainder when r(-2) is divided by (z/6)/((-8)/12).
9
Suppose 0 = -3*t - 10*t + 845. Calculate the remainder when 259 is divided by t.
64
Let k be 1/(-2)*(1 - 1). Let w(r) = r**3 + r**2 + r + 16. Calculate the remainder when w(k) is divided by 6.
4
Suppose 0 = 5*b - 0*b - 10. Suppose -k = 3*s - 6 - 9, 3*k + b*s = 38. Let t(l) = l**2 + 5*l - 2. Calculate the remainder when t(-8) is divided by k.
10
Let q be -3 + 2 - (-